et r = 4 - -4. What is the units digit of (-2 - (-28)/r)*2?
3
Let o = 387 - 120. What is the tens digit of o?
6
Suppose 3*v - 11 = -4*i + 2, 10 = 2*i - 2*v. Suppose -5*o - 135 = -i*j - j, 5*j = -4*o + 126. What is the units digit of j?
6
Let u = -73 + 138. Suppose -u = 3*d - 4*d. What is the units digit of d?
5
Suppose -5*h - 3*y - 114 = 0, 2*y + 40 = -2*h - 4. Let o = h - -39. What is the tens digit of o?
1
Let h(y) = -101*y + 14. Let g be h(-6). Suppose 7*d - g = 2*d. What is the units digit of d?
4
Let p(c) = 2*c + 50. Let g(o) = o + 20. Let s(t) = 12*g(t) - 5*p(t). Let n be s(7). Suppose -4*j + 10 = j, 0 = 4*r - n*j - 60. What is the units digit of r?
7
Let g(x) = -9*x**3 - 8*x**2 - 19*x + 18. What is the thousands digit of g(-5)?
1
Let n(w) be the third derivative of -w**6/24 + w**4/24 + 8*w**2. Let p be n(-1). Suppose -b - 74 = -2*m, p*m - 4*b - 132 = -6*b. What is the units digit of m?
5
Let i = -12 + 12. Suppose 3*p - 139 = -2*x, i*x + x + 189 = 4*p. What is the tens digit of p?
4
Suppose 35 = -5*f - 5*p, 5*f - 5*p + 55 = -0*p. Let j be 1 + -1 - (5 + f). What is the units digit of (-6)/j + 129/6?
0
Suppose 0 = -31*i + 26*i + 20. Suppose 0 = i*a - 1200 + 208. What is the tens digit of a?
4
Let l = -7303 + 12991. What is the units digit of l?
8
Let p = -2 - -10. Suppose 0 = 3*w - m + p, -2*w - 5 = 5*m + 6. What is the tens digit of 408/21 - w/(-7)?
1
Let o(q) = 0 - 7*q + 2 + 2. Suppose 0*v + 50 = -5*v + 5*z, 3*v + 3*z = -24. What is the tens digit of o(v)?
6
What is the units digit of ((-2)/(-5))/(65/137150)?
4
Let c(d) = 60*d**2 - 28*d**2 - 27*d**2 + 2 - 3*d. Suppose -12 = 4*q - 6*k + k, 0 = 3*q - 5*k + 14. What is the tens digit of c(q)?
1
Let o(z) = 167*z - 161. What is the hundreds digit of o(9)?
3
Suppose 0 = -4*o - 3*r + 6155, -2*o + 3*r + 1157 = -1934. What is the thousands digit of o?
1
Let n(k) = -4 + 3 - k + k**2 + 8*k. Let o be n(8). Suppose -2*x - 11 = -o. What is the units digit of x?
4
Suppose 0 = 8*u + 24*u - 30880. What is the tens digit of u?
6
Suppose 5 - 25 = 4*c, c = 2*f - 259. What is the tens digit of f?
2
Let x be 1/4 - 35/(-4). Suppose w - x - 45 = 0. What is the units digit of w?
4
Suppose 0 = 13*s - 6*s - 11116. What is the units digit of s?
8
Let p(a) = -7*a - 8. Let x(t) = t**3 - 2*t**2 - 4*t + 4. Let k be x(3). Let l(n) = n - 1. Let w(v) = k*p(v) + 5*l(v). What is the units digit of w(-9)?
5
Suppose 5 = 2*i - i, -k - 5*i = -27. Suppose 5*a + g - k*g = -6, a + 5*g = 4. What is the tens digit of (8/(-16))/(a/46)?
2
Let w = 5953 + -1408. What is the hundreds digit of w?
5
Let t be 2/(-10)*2*-5. Suppose -5*o - 14 = -2*q + 2, -t*o + 5 = 3*q. What is the tens digit of (10 - 0)*(7 - q)?
4
Suppose 2*n + 250 = 7*n - h, -200 = -4*n - 4*h. What is the tens digit of 12/8*2 + n?
5
Suppose -3*w = 25*u - 21*u - 1012, -2*u + 338 = w. What is the tens digit of w?
3
Let p(r) = r**3 + 14*r**2 + 2*r + 15. Let m be p(-14). Let c be (-12)/78 + (-197)/m. Suppose c*n = 12*n + 51. What is the units digit of n?
7
Suppose 0 = 2*t - 5*t + 30. Let k(u) = t - 5 + 5*u - 2*u. What is the tens digit of k(4)?
1
Let z(b) = -b**3 - 13*b**2 - 13*b + 23. What is the hundreds digit of z(-14)?
4
Let j(i) = 2*i + 719. What is the tens digit of j(29)?
7
Let f(l) = 2*l - 1. Let v be f(1). Suppose -4 = 2*z - 2*k, 3*z - 4*k + v = -2*k. Suppose 75 = z*w + 21. What is the units digit of w?
8
Let z(a) = -7*a**2 - 3*a - 14. Let y(n) = -n**2 + n - 1. Let j(t) = 5*y(t) - z(t). Let s be j(-4). What is the units digit of (-3)/s - 125/(-15)?
8
Let o = 10 - 9. Let t be -2 - (o - -16)*-1. Suppose 25 = 2*p - t. What is the units digit of p?
0
Let q = 6767 + -4562. What is the thousands digit of q?
2
Let o(l) be the second derivative of 7*l**4/12 - l**3/2 + 5*l**2/2 + l. What is the tens digit of o(3)?
5
Let g = 45 - 39. Suppose g*a - 466 = 26. What is the units digit of a?
2
Let b = -1061 + 2101. What is the thousands digit of b?
1
Let n = 10 - 8. Suppose -5*x = 6*c - c - 25, 0 = 3*c + n*x - 13. Suppose 118 = c*z - 3*u - 56, -5*z = -4*u - 287. What is the tens digit of z?
5
Let m(l) = -58*l + 59. Let s be m(9). Let d = -221 - s. What is the tens digit of d?
4
Suppose 2*c - 41 = 2*w + 3, -5*c = -w - 14. Let d = 44 + w. What is the tens digit of d?
2
Let n(j) = j + 14. Let h be n(-10). Let g be (h/5)/((-4)/(-10)). Suppose -u + g + 2 = 0. What is the units digit of u?
4
Let m(x) = 50*x**2 - 3*x + 11. What is the tens digit of m(-4)?
2
Suppose 2*i + 4*h = 934, 20*i - h = 18*i + 909. What is the units digit of i?
7
Suppose -3*v = -g - 1, 0*g + 5*g + 5*v - 95 = 0. Let f(j) = 5*j - 25. What is the tens digit of f(g)?
4
Let t(s) = 12*s + 11. Let d be 6/15 + (-76)/(-10). What is the hundreds digit of t(d)?
1
Suppose 5*r = -x + 4*x - 15, 0 = -r - x + 5. Suppose 3*o + 1 - 13 = r. What is the units digit of o?
4
Let q be 1 - -14*(-1)/(-2). Let o(y) = -y**3 + 8*y**2 - 7. Let x be o(q). Let f = 27 + x. What is the units digit of f?
0
Suppose 0 = -8*a + 7*a + 16. What is the units digit of (-174)/(-34) - a/136?
5
Suppose 0*g - 144 = -3*g. Suppose 3*m - 30 - g = 0. What is the units digit of m?
6
Suppose 4*j = 4*f - 16, 0*f + 2*j = -2*f + 8. Let b(t) = -t**2 + 8*t - 6. What is the tens digit of b(f)?
1
Let g = -9 + 7. Let w = -57 - -55. What is the units digit of 31 + w - (-8)/g?
5
Let i be 40/(-3)*(-6)/(-4). Let b = 60 + i. Suppose -2*o + 0*o = -b. What is the units digit of o?
0
Let i(z) = z**3 + 3*z**2 - 25*z - 47. Let x be i(-6). Let m(d) be the third derivative of d**5/30 - d**4/4 - 4*d**3/3 + d**2. What is the tens digit of m(x)?
7
Let g = 58 - 46. Let t = g + -2. What is the units digit of t?
0
Let v(z) = 25*z**3 - z**2 + 1. Let m be v(1). Let s be ((-20)/m)/(4/(-70)). Let f = -2 + s. What is the units digit of f?
2
Let w = 2296 - -732. What is the thousands digit of w?
3
Let o(z) = z + 31. Let r be o(-14). Suppose -4 = -3*t + r. What is the units digit of t?
7
What is the units digit of 2 - (25/10)/5*-554?
9
Let x = -1413 + 4103. What is the units digit of x?
0
Suppose -3*g + 15 = 2*g. Let a = g + 39. What is the tens digit of a?
4
Let m be (-10)/(-1) + -1 + 4. Suppose -5*u = 5*i - 8 - 17, -3*i = -4*u + m. Let q(r) = 4*r. What is the tens digit of q(u)?
1
Suppose -2*k = 27 - 33. Let d be (-6)/(-3) - (7 + -4). What is the tens digit of 41 + -2 - k/d?
4
Let n(h) = -5*h**2 + 6*h. Let b = -4 - -8. Let k be n(b). Let z = k + 112. What is the units digit of z?
6
Suppose -4*v + 0*v - 2 = -y, 0 = 4*y + v + 9. Let z be (y + 3)/((-2)/4). What is the units digit of 6 + (z - -2) - 3?
3
Let a(p) = -p**3 - 19*p**2 + 10*p - 17. Let m(x) = -3*x**2 - 15*x - 2. Let d be m(-6). What is the hundreds digit of a(d)?
1
Let n(k) = 16*k + 16. Let i = -31 - -36. What is the tens digit of n(i)?
9
What is the tens digit of (-2 - 6/(-6)) + 15?
1
Suppose 20*v - 15*v - 9404 = 2*u, -3*v + 5658 = 4*u. What is the units digit of v?
2
Suppose c = -m - 2*m - 80, 2*c + m = -135. Let g = c - -115. What is the tens digit of g?
5
Let j(f) = 6 + 4 - 3 - 4*f - 3*f. What is the units digit of j(-7)?
6
Suppose 3*c + 0*c = 0. Suppose -14 = -0*l + l - 4*h, c = 4*l - h + 41. Let d = l + 14. What is the units digit of d?
4
Let b be (5/3)/(10/510). Let y = b + -14. What is the units digit of y?
1
Let n(m) = 2*m**3 - 5*m**2 + 2. Let f(i) = -i**3 + 4*i**2 + 3*i - 7. Let j be f(4). Let c be n(j). Let l = -78 + c. What is the units digit of l?
9
Let z = -1263 + 1248. Let d(k) = -k - 1. Let h(n) = 1. Let l(c) = d(c) - 5*h(c). What is the units digit of l(z)?
9
Suppose u + 5*h - 3 = 0, u + 7 = -5*h + 10*h. Let g be (-1)/u*-3*-2. Suppose 0 = g*z + 2*z - 45. What is the units digit of z?
9
Suppose -w + 385 = x, 6*w - 2*w = 2*x - 776. What is the hundreds digit of x?
3
Let r = 3696 - 2748. What is the hundreds digit of r?
9
Let y = -60 + 2. Let x = y + 136. What is the units digit of x?
8
Let o(w) = w**3 + 11*w**2 - w + 6. Let b be o(-11). Let l = b + 0. What is the units digit of (l - 13) + 0 + 5?
9
What is the units digit of ((-22240)/15)/(6/(-18))?
8
Let o(l) = -4*l**3 - 5*l**2 - 2*l - 1. Let x be o(-4). Let r = x - 127. What is the units digit of r?
6
Suppose a - 2*d = -0*a + 19, -4*a + 67 = -5*d. What is the tens digit of 2*(1 + 28 - (-26)/a)?
6
Suppose -7*i = -12*i - 65. Let z = i - -3. Let b(x) = -x**3 - 11*x**2 - 11*